{"id":93,"date":"2020-11-27T15:19:39","date_gmt":"2020-11-27T18:19:39","guid":{"rendered":"http:\/\/localhost\/intercool\/?page_id=93"},"modified":"2023-04-10T17:49:30","modified_gmt":"2023-04-10T20:49:30","slug":"nuestra-empresa","status":"publish","type":"page","link":"https:\/\/intercool.cl\/sitio\/nuestra-empresa\/","title":{"rendered":"Nuestra Empresa"},"content":{"rendered":"\n<blockquote class=\"wp-block-quote\"><p>Desde 1985, intercool se ha caracterizado por brindar un completo servicio en la fabricaci\u00f3n y distribuci\u00f3n de maquinarias de alta calidad para el sector gastron\u00f3mico, considerando adem\u00e1s la investigaci\u00f3n y desarrollo de nuevos productos. Con equipos humanos y compuesto por profesionales, intercool proporciona a sus clientes el m\u00e1s pleno respaldo y garant\u00eda en proyectos para Pyme, y a su vez en la creaci\u00f3n de nuevos negocios.<\/p><\/blockquote>\n\n\n\n<figure class=\"wp-block-gallery columns-3 is-cropped wp-block-gallery-1 is-layout-flex wp-block-gallery-is-layout-flex\"><ul class=\"blocks-gallery-grid\"><li class=\"blocks-gallery-item\"><figure><img loading=\"lazy\" decoding=\"async\" width=\"1024\" height=\"498\" src=\"http:\/\/intercool.cl\/sitio\/wp-content\/uploads\/2020\/12\/dsci5464-copia-1024x498.jpg\" alt=\"\" data-id=\"505\" data-link=\"http:\/\/intercool.cl\/sitio\/nuestra-empresa\/dsci5464-copia\/\" class=\"wp-image-505\" srcset=\"https:\/\/intercool.cl\/sitio\/wp-content\/uploads\/2020\/12\/dsci5464-copia-1024x498.jpg 1024w, https:\/\/intercool.cl\/sitio\/wp-content\/uploads\/2020\/12\/dsci5464-copia-300x146.jpg 300w, https:\/\/intercool.cl\/sitio\/wp-content\/uploads\/2020\/12\/dsci5464-copia-768x373.jpg 768w, https:\/\/intercool.cl\/sitio\/wp-content\/uploads\/2020\/12\/dsci5464-copia-600x292.jpg 600w, https:\/\/intercool.cl\/sitio\/wp-content\/uploads\/2020\/12\/dsci5464-copia.jpg 1156w\" sizes=\"(max-width: 1024px) 100vw, 1024px\" \/><\/figure><\/li><li class=\"blocks-gallery-item\"><figure><img loading=\"lazy\" decoding=\"async\" width=\"1024\" height=\"486\" src=\"http:\/\/intercool.cl\/sitio\/wp-content\/uploads\/2020\/12\/dsci5467-1024x486.jpg\" alt=\"\" data-id=\"506\" data-link=\"http:\/\/intercool.cl\/sitio\/nuestra-empresa\/dsci5467\/\" class=\"wp-image-506\" srcset=\"https:\/\/intercool.cl\/sitio\/wp-content\/uploads\/2020\/12\/dsci5467-1024x486.jpg 1024w, https:\/\/intercool.cl\/sitio\/wp-content\/uploads\/2020\/12\/dsci5467-300x142.jpg 300w, https:\/\/intercool.cl\/sitio\/wp-content\/uploads\/2020\/12\/dsci5467-768x364.jpg 768w, https:\/\/intercool.cl\/sitio\/wp-content\/uploads\/2020\/12\/dsci5467-600x285.jpg 600w, https:\/\/intercool.cl\/sitio\/wp-content\/uploads\/2020\/12\/dsci5467.jpg 1180w\" sizes=\"(max-width: 1024px) 100vw, 1024px\" \/><\/figure><\/li><li class=\"blocks-gallery-item\"><figure><img loading=\"lazy\" decoding=\"async\" width=\"1024\" height=\"479\" src=\"http:\/\/intercool.cl\/sitio\/wp-content\/uploads\/2020\/12\/dsci5461-1024x479.jpg\" alt=\"\" data-id=\"507\" data-link=\"http:\/\/intercool.cl\/sitio\/nuestra-empresa\/dsci5461\/\" class=\"wp-image-507\" srcset=\"https:\/\/intercool.cl\/sitio\/wp-content\/uploads\/2020\/12\/dsci5461-1024x479.jpg 1024w, https:\/\/intercool.cl\/sitio\/wp-content\/uploads\/2020\/12\/dsci5461-300x140.jpg 300w, https:\/\/intercool.cl\/sitio\/wp-content\/uploads\/2020\/12\/dsci5461-768x359.jpg 768w, https:\/\/intercool.cl\/sitio\/wp-content\/uploads\/2020\/12\/dsci5461-600x281.jpg 600w, https:\/\/intercool.cl\/sitio\/wp-content\/uploads\/2020\/12\/dsci5461.jpg 1197w\" sizes=\"(max-width: 1024px) 100vw, 1024px\" \/><\/figure><\/li><li class=\"blocks-gallery-item\"><figure><img loading=\"lazy\" decoding=\"async\" width=\"1024\" height=\"484\" src=\"http:\/\/intercool.cl\/sitio\/wp-content\/uploads\/2020\/12\/dsci5463-1024x484.jpg\" alt=\"\" data-id=\"508\" data-link=\"http:\/\/intercool.cl\/sitio\/nuestra-empresa\/dsci5463\/\" class=\"wp-image-508\" srcset=\"https:\/\/intercool.cl\/sitio\/wp-content\/uploads\/2020\/12\/dsci5463-1024x484.jpg 1024w, https:\/\/intercool.cl\/sitio\/wp-content\/uploads\/2020\/12\/dsci5463-300x142.jpg 300w, https:\/\/intercool.cl\/sitio\/wp-content\/uploads\/2020\/12\/dsci5463-768x363.jpg 768w, https:\/\/intercool.cl\/sitio\/wp-content\/uploads\/2020\/12\/dsci5463-600x284.jpg 600w, https:\/\/intercool.cl\/sitio\/wp-content\/uploads\/2020\/12\/dsci5463.jpg 1184w\" sizes=\"(max-width: 1024px) 100vw, 1024px\" \/><\/figure><\/li><li class=\"blocks-gallery-item\"><figure><img loading=\"lazy\" decoding=\"async\" width=\"1024\" height=\"484\" src=\"http:\/\/intercool.cl\/sitio\/wp-content\/uploads\/2020\/12\/dsci5465-1024x484.jpg\" alt=\"\" data-id=\"509\" data-full-url=\"http:\/\/intercool.cl\/sitio\/wp-content\/uploads\/2020\/12\/dsci5465.jpg\" data-link=\"http:\/\/intercool.cl\/sitio\/nuestra-empresa\/dsci5465\/\" class=\"wp-image-509\" srcset=\"https:\/\/intercool.cl\/sitio\/wp-content\/uploads\/2020\/12\/dsci5465-1024x484.jpg 1024w, https:\/\/intercool.cl\/sitio\/wp-content\/uploads\/2020\/12\/dsci5465-300x142.jpg 300w, https:\/\/intercool.cl\/sitio\/wp-content\/uploads\/2020\/12\/dsci5465-768x363.jpg 768w, https:\/\/intercool.cl\/sitio\/wp-content\/uploads\/2020\/12\/dsci5465-600x283.jpg 600w, https:\/\/intercool.cl\/sitio\/wp-content\/uploads\/2020\/12\/dsci5465.jpg 1186w\" sizes=\"(max-width: 1024px) 100vw, 1024px\" \/><\/figure><\/li><\/ul><\/figure>\n\n\n\n<blockquote class=\"wp-block-quote\"><p>Intercool , con sus 40 a\u00f1os en el mercado gastron\u00f3mico intercool ha perfeccionado su dise\u00f1o , calidad&nbsp; y respaldo en sus distintas \u00e1reas dando toques de elegancia y eficacia a la hora de comenzar a trabajar con nuestra maquinaria , a sus d\u00e1ndole posibilidad al empresario para que pueda&nbsp; prestar servicios de alta categor\u00eda, orient\u00e1ndole como proyectarse a futuro hasta alcanzar el \u00e9xito en su negocio<\/p><\/blockquote>\n\n\n\n<p><\/p>\n\n\n\n<h2 class=\"wp-block-heading\">Nuestro servicios<\/h2>\n\n\n\n<p><blockquote class=\"wp-block-quote\"><p>-EQUIPOS COMPLETARIOS PAR A SISTEMAS DE GRAN DES COCINAS.<\/p><p>-ESTRUCTURAS, MESONES Y LAVADEROS DE ACERO INOXIDABLE O ACERO CARBONO.<\/p><p>-CAMPANAS, SISTEMAS DE EXTRACCION Y VENTILACION INDUSTRIAL.<\/p><p>-EQUIPOS Y ESTANTERIAS PARA CAMARAS FRIGORIFICAS.<\/p><p>-EQUIPOS Y PROYECTOS DE REFRIGERACION, CALEFACCION Y AIRE ACONDICIONADO ESPECIALES.<\/p><p>-PROYECTOS, ASESOR IAS Y SERVICIOS PARA LA INDUSTRIA GASTRONOMICA, LINEAS DE PRODUCCI\u00d3N.<\/p><p>-PROYECTOS EN KIOSCO, PROYECTO BICENTENARIO MUNICIPALIDAD DE SANTIAGO, CARRO PAQUETEROS&nbsp; Y FLORES, VERDURAS, CONFITES, MUNICIPALIDAD&nbsp; DE LIMACHE, PROYECTO MUNICIPAL DE VALPARAISO DE ASOCIACION ACNV (ASOCIACION&nbsp; DE COMERCIANTES NOCTURNOS DE VALPARAISO). MUNICIPALIDAD DE COQUIMBO CARROS VENTA DE PESCADO COMERCIALES DE LA VIA PUBLICA.<\/p><\/blockquote><\/p>\n\n\n\n<blockquote class=\"wp-block-quote\"><p>-ESTRUCTURAS, MESONES Y LAVADEROS DE ACERO INOXIDABLE O ACERO CARBONO.<\/p><\/blockquote>\n\n\n\n<blockquote class=\"wp-block-quote\"><p>-CAMPANAS, SISTEMAS DE EXTRACCION Y VENTILACION INDUSTRIAL.<\/p><p>-EQUIPOS Y ESTANTERIAS PARA CAMARAS FRIGORIFICAS.<\/p><p>-EQUIPOS Y PROYECTOS DE REFRIGERACION, CALEFACCION Y AIRE ACONDICIONADO ESPECIALES.<\/p><p>-PROYECTOS, ASESOR IAS Y SERVICIOS PARA LA INDUSTRIA GASTRONOMICA, LINEAS DE PRODUCCI\u00d3N.<\/p><p>-PROYECTOS EN KIOSCO, PROYECTO BICENTENARIO MUNICIPALIDAD DE SANTIAGO, CARRO PAQUETEROS\u00a0 Y FLORES, VERDURAS, CONFITES, MUNICIPALIDAD\u00a0 DE LIMACHE, PROYECTO MUNICIPAL DE VALPARAISO DE ASOCIACION ACNV (ASOCIACION\u00a0 DE COMERCIANTES NOCTURNOS DE VALPARAISO). MUNICIPALIDAD DE COQUIMBO CARROS VENTA DE PESCADO COMERCIALES DE LA VIA PUBLICA.<\/p><\/blockquote>\n","protected":false},"excerpt":{"rendered":"<p>Desde 1985, intercool se ha caracterizado por brindar un completo servicio en la fabricaci\u00f3n y distribuci\u00f3n de maquinarias de alta calidad para el sector gastron\u00f3mico, considerando adem\u00e1s la investigaci\u00f3n y desarrollo de nuevos productos. Con equipos humanos y compuesto por profesionales, intercool proporciona a sus clientes el m\u00e1s pleno respaldo y garant\u00eda en proyectos para<span class=\"read-more-faq\"><a href=\"https:\/\/intercool.cl\/sitio\/nuestra-empresa\/\">Read More<\/a><\/span><\/p>\n","protected":false},"author":1,"featured_media":0,"parent":0,"menu_order":0,"comment_status":"closed","ping_status":"closed","template":"","meta":{"footnotes":""},"yoast_head":"<!-- This site is optimized with the Yoast SEO plugin v22.1 - https:\/\/yoast.com\/wordpress\/plugins\/seo\/ -->\n<title>Nuestra Empresa | Cool Tech InterCool<\/title>\n<meta name=\"robots\" content=\"index, follow, max-snippet:-1, max-image-preview:large, max-video-preview:-1\" \/>\n<link rel=\"canonical\" href=\"https:\/\/intercool.cl\/sitio\/nuestra-empresa\/\" \/>\n<meta property=\"og:locale\" content=\"es_ES\" \/>\n<meta property=\"og:type\" content=\"article\" \/>\n<meta property=\"og:title\" content=\"Nuestra Empresa | Cool Tech InterCool\" \/>\n<meta property=\"og:description\" content=\"Desde 1985, intercool se ha caracterizado por brindar un completo servicio en la fabricaci\u00f3n y distribuci\u00f3n de maquinarias de alta calidad para el sector gastron\u00f3mico, considerando adem\u00e1s la investigaci\u00f3n y desarrollo de nuevos productos. Con equipos humanos y compuesto por profesionales, intercool proporciona a sus clientes el m\u00e1s pleno respaldo y garant\u00eda en proyectos paraRead More\" \/>\n<meta property=\"og:url\" content=\"https:\/\/intercool.cl\/sitio\/nuestra-empresa\/\" \/>\n<meta property=\"og:site_name\" content=\"Cool Tech InterCool\" \/>\n<meta property=\"article:modified_time\" content=\"2023-04-10T20:49:30+00:00\" \/>\n<meta property=\"og:image\" content=\"http:\/\/intercool.cl\/sitio\/wp-content\/uploads\/2020\/12\/dsci5464-copia-1024x498.jpg\" \/>\n<meta name=\"twitter:card\" content=\"summary_large_image\" \/>\n<meta name=\"twitter:label1\" content=\"Est. reading time\" \/>\n\t<meta name=\"twitter:data1\" content=\"2 minutos\" \/>\n<script type=\"application\/ld+json\" class=\"yoast-schema-graph\">{\"@context\":\"https:\/\/schema.org\",\"@graph\":[{\"@type\":\"WebPage\",\"@id\":\"https:\/\/intercool.cl\/sitio\/nuestra-empresa\/\",\"url\":\"https:\/\/intercool.cl\/sitio\/nuestra-empresa\/\",\"name\":\"Nuestra Empresa | Cool Tech InterCool\",\"isPartOf\":{\"@id\":\"https:\/\/intercool.cl\/sitio\/#website\"},\"datePublished\":\"2020-11-27T18:19:39+00:00\",\"dateModified\":\"2023-04-10T20:49:30+00:00\",\"breadcrumb\":{\"@id\":\"https:\/\/intercool.cl\/sitio\/nuestra-empresa\/#breadcrumb\"},\"inLanguage\":\"es-CL\",\"potentialAction\":[{\"@type\":\"ReadAction\",\"target\":[\"https:\/\/intercool.cl\/sitio\/nuestra-empresa\/\"]}]},{\"@type\":\"BreadcrumbList\",\"@id\":\"https:\/\/intercool.cl\/sitio\/nuestra-empresa\/#breadcrumb\",\"itemListElement\":[{\"@type\":\"ListItem\",\"position\":1,\"name\":\"Portada\",\"item\":\"https:\/\/intercool.cl\/sitio\/\"},{\"@type\":\"ListItem\",\"position\":2,\"name\":\"Nuestra Empresa\"}]},{\"@type\":\"WebSite\",\"@id\":\"https:\/\/intercool.cl\/sitio\/#website\",\"url\":\"https:\/\/intercool.cl\/sitio\/\",\"name\":\"Cool Tech InterCool\",\"description\":\"Dise\u00f1o y Fabricaci\u00f3n - 39 A\u00f1os Equipando la Industria Gastron\u00f3mica en Chile\",\"publisher\":{\"@id\":\"https:\/\/intercool.cl\/sitio\/#organization\"},\"potentialAction\":[{\"@type\":\"SearchAction\",\"target\":{\"@type\":\"EntryPoint\",\"urlTemplate\":\"https:\/\/intercool.cl\/sitio\/?s={search_term_string}\"},\"query-input\":\"required name=search_term_string\"}],\"inLanguage\":\"es-CL\"},{\"@type\":\"Organization\",\"@id\":\"https:\/\/intercool.cl\/sitio\/#organization\",\"name\":\"Intercool\",\"url\":\"https:\/\/intercool.cl\/sitio\/\",\"logo\":{\"@type\":\"ImageObject\",\"inLanguage\":\"es-CL\",\"@id\":\"https:\/\/intercool.cl\/sitio\/#\/schema\/logo\/image\/\",\"url\":\"https:\/\/intercool.cl\/sitio\/wp-content\/uploads\/2020\/12\/cropped-unnamed-u1073-r-fr-1.jpg\",\"contentUrl\":\"https:\/\/intercool.cl\/sitio\/wp-content\/uploads\/2020\/12\/cropped-unnamed-u1073-r-fr-1.jpg\",\"width\":190,\"height\":90,\"caption\":\"Intercool\"},\"image\":{\"@id\":\"https:\/\/intercool.cl\/sitio\/#\/schema\/logo\/image\/\"}}]}<\/script>\n<!-- \/ Yoast SEO plugin. -->","yoast_head_json":{"title":"Nuestra Empresa | Cool Tech InterCool","robots":{"index":"index","follow":"follow","max-snippet":"max-snippet:-1","max-image-preview":"max-image-preview:large","max-video-preview":"max-video-preview:-1"},"canonical":"https:\/\/intercool.cl\/sitio\/nuestra-empresa\/","og_locale":"es_ES","og_type":"article","og_title":"Nuestra Empresa | Cool Tech InterCool","og_description":"Desde 1985, intercool se ha caracterizado por brindar un completo servicio en la fabricaci\u00f3n y distribuci\u00f3n de maquinarias de alta calidad para el sector gastron\u00f3mico, considerando adem\u00e1s la investigaci\u00f3n y desarrollo de nuevos productos. Con equipos humanos y compuesto por profesionales, intercool proporciona a sus clientes el m\u00e1s pleno respaldo y garant\u00eda en proyectos paraRead More","og_url":"https:\/\/intercool.cl\/sitio\/nuestra-empresa\/","og_site_name":"Cool Tech InterCool","article_modified_time":"2023-04-10T20:49:30+00:00","og_image":[{"url":"http:\/\/intercool.cl\/sitio\/wp-content\/uploads\/2020\/12\/dsci5464-copia-1024x498.jpg"}],"twitter_card":"summary_large_image","twitter_misc":{"Est. reading time":"2 minutos"},"schema":{"@context":"https:\/\/schema.org","@graph":[{"@type":"WebPage","@id":"https:\/\/intercool.cl\/sitio\/nuestra-empresa\/","url":"https:\/\/intercool.cl\/sitio\/nuestra-empresa\/","name":"Nuestra Empresa | Cool Tech InterCool","isPartOf":{"@id":"https:\/\/intercool.cl\/sitio\/#website"},"datePublished":"2020-11-27T18:19:39+00:00","dateModified":"2023-04-10T20:49:30+00:00","breadcrumb":{"@id":"https:\/\/intercool.cl\/sitio\/nuestra-empresa\/#breadcrumb"},"inLanguage":"es-CL","potentialAction":[{"@type":"ReadAction","target":["https:\/\/intercool.cl\/sitio\/nuestra-empresa\/"]}]},{"@type":"BreadcrumbList","@id":"https:\/\/intercool.cl\/sitio\/nuestra-empresa\/#breadcrumb","itemListElement":[{"@type":"ListItem","position":1,"name":"Portada","item":"https:\/\/intercool.cl\/sitio\/"},{"@type":"ListItem","position":2,"name":"Nuestra Empresa"}]},{"@type":"WebSite","@id":"https:\/\/intercool.cl\/sitio\/#website","url":"https:\/\/intercool.cl\/sitio\/","name":"Cool Tech InterCool","description":"Dise\u00f1o y Fabricaci\u00f3n - 39 A\u00f1os Equipando la Industria Gastron\u00f3mica en Chile","publisher":{"@id":"https:\/\/intercool.cl\/sitio\/#organization"},"potentialAction":[{"@type":"SearchAction","target":{"@type":"EntryPoint","urlTemplate":"https:\/\/intercool.cl\/sitio\/?s={search_term_string}"},"query-input":"required name=search_term_string"}],"inLanguage":"es-CL"},{"@type":"Organization","@id":"https:\/\/intercool.cl\/sitio\/#organization","name":"Intercool","url":"https:\/\/intercool.cl\/sitio\/","logo":{"@type":"ImageObject","inLanguage":"es-CL","@id":"https:\/\/intercool.cl\/sitio\/#\/schema\/logo\/image\/","url":"https:\/\/intercool.cl\/sitio\/wp-content\/uploads\/2020\/12\/cropped-unnamed-u1073-r-fr-1.jpg","contentUrl":"https:\/\/intercool.cl\/sitio\/wp-content\/uploads\/2020\/12\/cropped-unnamed-u1073-r-fr-1.jpg","width":190,"height":90,"caption":"Intercool"},"image":{"@id":"https:\/\/intercool.cl\/sitio\/#\/schema\/logo\/image\/"}}]}},"_links":{"self":[{"href":"https:\/\/intercool.cl\/sitio\/wp-json\/wp\/v2\/pages\/93"}],"collection":[{"href":"https:\/\/intercool.cl\/sitio\/wp-json\/wp\/v2\/pages"}],"about":[{"href":"https:\/\/intercool.cl\/sitio\/wp-json\/wp\/v2\/types\/page"}],"author":[{"embeddable":true,"href":"https:\/\/intercool.cl\/sitio\/wp-json\/wp\/v2\/users\/1"}],"replies":[{"embeddable":true,"href":"https:\/\/intercool.cl\/sitio\/wp-json\/wp\/v2\/comments?post=93"}],"version-history":[{"count":7,"href":"https:\/\/intercool.cl\/sitio\/wp-json\/wp\/v2\/pages\/93\/revisions"}],"predecessor-version":[{"id":648,"href":"https:\/\/intercool.cl\/sitio\/wp-json\/wp\/v2\/pages\/93\/revisions\/648"}],"wp:attachment":[{"href":"https:\/\/intercool.cl\/sitio\/wp-json\/wp\/v2\/media?parent=93"}],"curies":[{"name":"wp","href":"https:\/\/api.w.org\/{rel}","templated":true}]}}