{"id":238,"date":"2020-12-03T15:08:21","date_gmt":"2020-12-03T18:08:21","guid":{"rendered":"http:\/\/localhost\/intercool\/?post_type=product&#038;p=238"},"modified":"2021-01-18T16:32:08","modified_gmt":"2021-01-18T19:32:08","slug":"carro-de-tiro","status":"publish","type":"product","link":"https:\/\/intercool.cl\/sitio\/product\/carro-de-tiro\/","title":{"rendered":"Carro de tiro"},"content":{"rendered":"","protected":false},"excerpt":{"rendered":"<p><a href=\"http:\/\/intercool.cl\/sitio\/wp-content\/uploads\/2020\/12\/datelle_Carro_tiro.png\"><img loading=\"lazy\" decoding=\"async\" class=\"alignnone size-full wp-image-308\" src=\"http:\/\/intercool.cl\/sitio\/wp-content\/uploads\/2020\/12\/datelle_Carro_tiro.png\" alt=\"\" width=\"520\" height=\"642\" srcset=\"https:\/\/intercool.cl\/sitio\/wp-content\/uploads\/2020\/12\/datelle_Carro_tiro.png 520w, https:\/\/intercool.cl\/sitio\/wp-content\/uploads\/2020\/12\/datelle_Carro_tiro-243x300.png 243w\" sizes=\"(max-width: 520px) 100vw, 520px\" \/><\/a><\/p>\n","protected":false},"featured_media":304,"template":"","meta":[],"product_cat":[16],"product_tag":[],"yoast_head":"<!-- This site is optimized with the Yoast SEO plugin v22.1 - https:\/\/yoast.com\/wordpress\/plugins\/seo\/ -->\n<title>Carro de tiro | Cool Tech InterCool<\/title>\n<meta name=\"robots\" content=\"index, follow, max-snippet:-1, max-image-preview:large, max-video-preview:-1\" \/>\n<link rel=\"canonical\" href=\"https:\/\/intercool.cl\/sitio\/product\/carro-de-tiro\/\" \/>\n<meta property=\"og:locale\" content=\"es_ES\" \/>\n<meta property=\"og:type\" content=\"article\" \/>\n<meta property=\"og:title\" content=\"Carro de tiro | Cool Tech InterCool\" \/>\n<meta property=\"og:url\" content=\"https:\/\/intercool.cl\/sitio\/product\/carro-de-tiro\/\" \/>\n<meta property=\"og:site_name\" content=\"Cool Tech InterCool\" \/>\n<meta property=\"article:modified_time\" content=\"2021-01-18T19:32:08+00:00\" \/>\n<meta property=\"og:image\" content=\"https:\/\/intercool.cl\/sitio\/wp-content\/uploads\/2020\/12\/carro_tiro-450x410-2.png\" \/>\n\t<meta property=\"og:image:width\" content=\"450\" \/>\n\t<meta property=\"og:image:height\" content=\"410\" \/>\n\t<meta property=\"og:image:type\" content=\"image\/png\" \/>\n<meta name=\"twitter:card\" content=\"summary_large_image\" \/>\n<script type=\"application\/ld+json\" class=\"yoast-schema-graph\">{\"@context\":\"https:\/\/schema.org\",\"@graph\":[{\"@type\":\"WebPage\",\"@id\":\"https:\/\/intercool.cl\/sitio\/product\/carro-de-tiro\/\",\"url\":\"https:\/\/intercool.cl\/sitio\/product\/carro-de-tiro\/\",\"name\":\"Carro de tiro | Cool Tech InterCool\",\"isPartOf\":{\"@id\":\"https:\/\/intercool.cl\/sitio\/#website\"},\"datePublished\":\"2020-12-03T18:08:21+00:00\",\"dateModified\":\"2021-01-18T19:32:08+00:00\",\"breadcrumb\":{\"@id\":\"https:\/\/intercool.cl\/sitio\/product\/carro-de-tiro\/#breadcrumb\"},\"inLanguage\":\"es-CL\",\"potentialAction\":[{\"@type\":\"ReadAction\",\"target\":[\"https:\/\/intercool.cl\/sitio\/product\/carro-de-tiro\/\"]}]},{\"@type\":\"BreadcrumbList\",\"@id\":\"https:\/\/intercool.cl\/sitio\/product\/carro-de-tiro\/#breadcrumb\",\"itemListElement\":[{\"@type\":\"ListItem\",\"position\":1,\"name\":\"Portada\",\"item\":\"https:\/\/intercool.cl\/sitio\/\"},{\"@type\":\"ListItem\",\"position\":2,\"name\":\"Inicio\",\"item\":\"https:\/\/intercool.cl\/sitio\/\"},{\"@type\":\"ListItem\",\"position\":3,\"name\":\"Carro de tiro\"}]},{\"@type\":\"WebSite\",\"@id\":\"https:\/\/intercool.cl\/sitio\/#website\",\"url\":\"https:\/\/intercool.cl\/sitio\/\",\"name\":\"Cool Tech InterCool\",\"description\":\"Dise\u00f1o y Fabricaci\u00f3n - 39 A\u00f1os Equipando la Industria Gastron\u00f3mica en Chile\",\"publisher\":{\"@id\":\"https:\/\/intercool.cl\/sitio\/#organization\"},\"potentialAction\":[{\"@type\":\"SearchAction\",\"target\":{\"@type\":\"EntryPoint\",\"urlTemplate\":\"https:\/\/intercool.cl\/sitio\/?s={search_term_string}\"},\"query-input\":\"required name=search_term_string\"}],\"inLanguage\":\"es-CL\"},{\"@type\":\"Organization\",\"@id\":\"https:\/\/intercool.cl\/sitio\/#organization\",\"name\":\"Intercool\",\"url\":\"https:\/\/intercool.cl\/sitio\/\",\"logo\":{\"@type\":\"ImageObject\",\"inLanguage\":\"es-CL\",\"@id\":\"https:\/\/intercool.cl\/sitio\/#\/schema\/logo\/image\/\",\"url\":\"https:\/\/intercool.cl\/sitio\/wp-content\/uploads\/2020\/12\/cropped-unnamed-u1073-r-fr-1.jpg\",\"contentUrl\":\"https:\/\/intercool.cl\/sitio\/wp-content\/uploads\/2020\/12\/cropped-unnamed-u1073-r-fr-1.jpg\",\"width\":190,\"height\":90,\"caption\":\"Intercool\"},\"image\":{\"@id\":\"https:\/\/intercool.cl\/sitio\/#\/schema\/logo\/image\/\"}}]}<\/script>\n<!-- \/ Yoast SEO plugin. -->","yoast_head_json":{"title":"Carro de tiro | Cool Tech InterCool","robots":{"index":"index","follow":"follow","max-snippet":"max-snippet:-1","max-image-preview":"max-image-preview:large","max-video-preview":"max-video-preview:-1"},"canonical":"https:\/\/intercool.cl\/sitio\/product\/carro-de-tiro\/","og_locale":"es_ES","og_type":"article","og_title":"Carro de tiro | Cool Tech InterCool","og_url":"https:\/\/intercool.cl\/sitio\/product\/carro-de-tiro\/","og_site_name":"Cool Tech InterCool","article_modified_time":"2021-01-18T19:32:08+00:00","og_image":[{"width":450,"height":410,"url":"https:\/\/intercool.cl\/sitio\/wp-content\/uploads\/2020\/12\/carro_tiro-450x410-2.png","type":"image\/png"}],"twitter_card":"summary_large_image","schema":{"@context":"https:\/\/schema.org","@graph":[{"@type":"WebPage","@id":"https:\/\/intercool.cl\/sitio\/product\/carro-de-tiro\/","url":"https:\/\/intercool.cl\/sitio\/product\/carro-de-tiro\/","name":"Carro de tiro | Cool Tech InterCool","isPartOf":{"@id":"https:\/\/intercool.cl\/sitio\/#website"},"datePublished":"2020-12-03T18:08:21+00:00","dateModified":"2021-01-18T19:32:08+00:00","breadcrumb":{"@id":"https:\/\/intercool.cl\/sitio\/product\/carro-de-tiro\/#breadcrumb"},"inLanguage":"es-CL","potentialAction":[{"@type":"ReadAction","target":["https:\/\/intercool.cl\/sitio\/product\/carro-de-tiro\/"]}]},{"@type":"BreadcrumbList","@id":"https:\/\/intercool.cl\/sitio\/product\/carro-de-tiro\/#breadcrumb","itemListElement":[{"@type":"ListItem","position":1,"name":"Portada","item":"https:\/\/intercool.cl\/sitio\/"},{"@type":"ListItem","position":2,"name":"Inicio","item":"https:\/\/intercool.cl\/sitio\/"},{"@type":"ListItem","position":3,"name":"Carro de tiro"}]},{"@type":"WebSite","@id":"https:\/\/intercool.cl\/sitio\/#website","url":"https:\/\/intercool.cl\/sitio\/","name":"Cool Tech InterCool","description":"Dise\u00f1o y Fabricaci\u00f3n - 39 A\u00f1os Equipando la Industria Gastron\u00f3mica en Chile","publisher":{"@id":"https:\/\/intercool.cl\/sitio\/#organization"},"potentialAction":[{"@type":"SearchAction","target":{"@type":"EntryPoint","urlTemplate":"https:\/\/intercool.cl\/sitio\/?s={search_term_string}"},"query-input":"required name=search_term_string"}],"inLanguage":"es-CL"},{"@type":"Organization","@id":"https:\/\/intercool.cl\/sitio\/#organization","name":"Intercool","url":"https:\/\/intercool.cl\/sitio\/","logo":{"@type":"ImageObject","inLanguage":"es-CL","@id":"https:\/\/intercool.cl\/sitio\/#\/schema\/logo\/image\/","url":"https:\/\/intercool.cl\/sitio\/wp-content\/uploads\/2020\/12\/cropped-unnamed-u1073-r-fr-1.jpg","contentUrl":"https:\/\/intercool.cl\/sitio\/wp-content\/uploads\/2020\/12\/cropped-unnamed-u1073-r-fr-1.jpg","width":190,"height":90,"caption":"Intercool"},"image":{"@id":"https:\/\/intercool.cl\/sitio\/#\/schema\/logo\/image\/"}}]}},"_links":{"self":[{"href":"https:\/\/intercool.cl\/sitio\/wp-json\/wp\/v2\/product\/238"}],"collection":[{"href":"https:\/\/intercool.cl\/sitio\/wp-json\/wp\/v2\/product"}],"about":[{"href":"https:\/\/intercool.cl\/sitio\/wp-json\/wp\/v2\/types\/product"}],"wp:featuredmedia":[{"embeddable":true,"href":"https:\/\/intercool.cl\/sitio\/wp-json\/wp\/v2\/media\/304"}],"wp:attachment":[{"href":"https:\/\/intercool.cl\/sitio\/wp-json\/wp\/v2\/media?parent=238"}],"wp:term":[{"taxonomy":"product_cat","embeddable":true,"href":"https:\/\/intercool.cl\/sitio\/wp-json\/wp\/v2\/product_cat?post=238"},{"taxonomy":"product_tag","embeddable":true,"href":"https:\/\/intercool.cl\/sitio\/wp-json\/wp\/v2\/product_tag?post=238"}],"curies":[{"name":"wp","href":"https:\/\/api.w.org\/{rel}","templated":true}]}}